Is 83101 prime?
True
Is 373649 a composite number?
False
Is 28727 a composite number?
True
Is 4529 prime?
False
Is 68441 prime?
False
Is 198013 a composite number?
False
Is 763093 a composite number?
False
Is 14791 prime?
False
Is 933 a composite number?
True
Is 67021 a composite number?
False
Is 201917 composite?
True
Is 31079 a composite number?
False
Is 241391 prime?
True
Is 88701 prime?
False
Is 252001 a prime number?
True
Is 13369 prime?
False
Is 6537 composite?
True
Is 1262 a prime number?
False
Is 136303 a prime number?
True
Is 4979 a prime number?
False
Is 1543 composite?
False
Is 199237 a composite number?
True
Is 402221 a prime number?
True
Is 60497 composite?
False
Is 4699 a composite number?
True
Is 84883 a composite number?
True
Is 1252573 composite?
True
Is 98369 composite?
False
Is 224969 prime?
True
Is 14101 a prime number?
False
Is 12659 a prime number?
True
Is 234569 a prime number?
False
Is 11959 composite?
False
Is 87733 composite?
True
Is 27167 composite?
True
Is 9739 prime?
True
Is 41577 a prime number?
False
Is 3022 a composite number?
True
Is 6227 prime?
False
Is 31481 a prime number?
True
Is 228953 composite?
False
Is 21911 a composite number?
False
Is 23857 a composite number?
False
Is 292601 prime?
True
Is 5969 a composite number?
True
Is 53831 a composite number?
False
Is 18749 composite?
False
Is 35671 a prime number?
True
Is 7033 a composite number?
True
Is 76871 a prime number?
True
Is 5557 prime?
True
Is 36317 a prime number?
False
Is 745 prime?
False
Is 111235 a composite number?
True
Is 43895 a composite number?
True
Is 22823 a prime number?
False
Is 44879 composite?
False
Is 70689 composite?
True
Is 635 a composite number?
True
Is 14603 composite?
True
Is 12227 composite?
False
Is 88547 a composite number?
False
Is 4358 a composite number?
True
Is 11401 composite?
True
Is 528647 a composite number?
True
Is 232303 prime?
True
Is 13397 composite?
False
Is 807 a prime number?
False
Is 66839 a composite number?
True
Is 530899 a prime number?
False
Is 458173 a prime number?
True
Is 894583 prime?
False
Is 41131 a prime number?
True
Is 9326 composite?
True
Is 3235 prime?
False
Is 35141 prime?
True
Is 836681 a prime number?
False
Is 4981 prime?
False
Is 1403093 prime?
False
Is 310273 prime?
True
Is 260171 a prime number?
True
Is 429161 composite?
False
Is 53477 prime?
False
Is 59201 a composite number?
True
Is 173953 a composite number?
True
Is 71479 composite?
False
Is 11953 a composite number?
False
Is 37685 prime?
False
Is 33559 composite?
True
Is 583057 a composite number?
True
Is 5147 prime?
True
Is 34049 a composite number?
True
Is 41281 a composite number?
False
Is 234431 a prime number?
True
Is 23281 a composite number?
True
Is 443 a prime number?
True
Is 23559 a prime number?
False
Is 170957 composite?
False
Is 35081 a prime number?
True
Is 103951 prime?
True
Is 29433 composite?
True
Is 54523 a prime number?
False
Is 842691 composite?
True
Is 1521589 a prime number?
True
Is 1022327 composite?
True
Is 1222451 a prime number?
False
Is 166823 a prime number?
True
Is 359377 composite?
False
Is 59191 a prime number?
False
Is 97757 composite?
True
Is 1277429 prime?
True
Is 499621 prime?
True
Is 4567711 a prime number?
False
Is 3079 composite?
False
Is 288647 prime?
True
Is 12979 composite?
False
Is 2079317 composite?
True
Is 249367 a prime number?
True
Is 42737 prime?
True
Is 9113 a composite number?
True
Is 7277 a prime number?
False
Is 184663 a prime number?
False
Is 188897 a prime number?
False
Is 220973 a composite number?
False
Is 6347 prime?
False
Is 10007 a prime number?
True
Is 32353 a composite number?
False
Is 66713 composite?
False
Is 8891 composite?
True
Is 38317 a prime number?
True
Is 155 a prime number?
False
Is 60881 a prime number?
False
Is 66679 prime?
False
Is 341423 prime?
True
Is 89 composite?
False
Is 41579 composite?
False
Is 1655 prime?
False
Is 217871 prime?
False
Is 2179 a composite number?
False
Is 921563 composite?
False
Is 59921 a composite number?
False
Is 71503 prime?
True
Is 292921 a prime number?
True
Is 114251 composite?
True
Is 238627 composite?
False
Is 3680363 a prime number?
True
Is 3603865 composite?
True
Is 1057 prime?
False
Is 2606 a composite number?
True
Is 1404321 a composite number?
True
Is 469445 composite?
True
Is 628261 a composite number?
False
Is 30059 a composite number?
False
Is 209111 a composite number?
True
Is 21247 composite?
False
Is 21959 prime?
False
Is 9587 composite?
False
Is 5833 a composite number?
True
Is 158963 prime?
False
Is 251939 a composite number?
False
Is 10867 prime?
True
Is 80221 prime?
True
Is 155609 prime?
True
Is 203221 prime?
True
Is 299903 a composite number?
False
Is 499391 a composite number?
False
Is 171077 a composite number?
False
Is 5077 prime?
True
Is 152485 a prime number?
False
Is 54361 prime?
True
Is 507289 a prime number?
True
Is 13513 a composite number?
False
Is 16759 prime?
True
Is 1443337 a composite number?
True
Is 4861 prime?
True
Is 24907 a composite number?
False
Is 580243 composite?
True
Is 5897 a composite number?
False
Is 85795 prime?
False
Is 5141 a composite number?
True
Is 2077 a composite number?
True
Is 214153 a prime number?
False
Is 15013 a prime number?
True
Is 58503 a composite number?
True
Is 740089 a composite number?
True
Is 16249 composite?
False
Is 7283 composite?
False
Is 7243 a prime number?
True
Is 375341 composite?
False
Is 14143 a composite number?
False
Is 28369 composite?
True
Is 644717 composite?
False
Is 17567 prime?
False
Is 10901 prime?
False
Is 234142 prime?
False
Is 40487 a composite number?
False
Is 158623 prime?
False
Is 77123 prime?
False
Is 1100851 a composite number?
False
Is 2023355 a composite number?
True
Is 165749 composite?
False
Is 9647 prime?
False
Is 79997 composite?
False
Is 7993 a composite number?
False
Is 23093 a composite number?
True
Is 1352987 a composite number?
False
Is 1329478 a prime number?
False
Is 4547 a composite number?
False
Is 76085 prime?
False
Is 720059 composite?
False
Is 820177 prime?
True
Is 63029 a composite number?
False
Is 538093 a prime number?
True
Is 9229 a composite number?
True
Is 4717 a composite number?
True
Is 102859 composite?
False
Is 232363 a prime number?
True
Is 199817 composite?
True
Is 1097711 prime?
True
Is 58477 a prime number?
True
Is 17693 prime?
False
Is 12143 prime?
True
Is 297533 prime?
True
Is 209629 a composite number?
True
Is 370803 a prime number?
False
Is 224743 a composite number?
False
Is 5051 prime?
True
Is 21799 prime?
True
Is 55687 a composite number?
True
Is 12227 composite?
False
Is 52147 composite?
False
Is 26293 a composite number?
False
Is 25661 prime?
False
Is 21631 a composite number?
True
Is 301583 composite?
False
Is 13445 a prime number?
False
Is 164479 a prime number?
False
Is 2209 a composite number?
True
Is 43657 a prime number?
False
Is 400705 prime?
False
Is 33955 composite?
True
Is 18391 composite?
True
Is 125981 prime?
False
Is 40151 prime?
True
Is 507829 composite?
True
Is 6662 a composite number?
True
Is 615845 prime?
False
Is 192931 composite?
False
Is 115421 prime?
True
Is 958141 composite?
False
Is 2203 a composite number?
False
Is 71086 composite?
True
Is 62485 composite?
True
Is 147417 prime?
False
Is 99689 a composite number?
False
Is 23977 prime?
True
Is 172781 composite?
True
Is 67593 a prime number?
False
Is 356437 a prime number?
False
Is 277741 prime?
True
Is 910193 a composite number?
True
Is 285007 a composite number?
False
Is 12781 prime?
True
Is 36035 composite?
True
Is 25391 composite?
False
Is 377123 a composite number?
False
Is 14369 a prime number?
True
Is 6187 a composite number?
True
Is 293 composite?
False
Is 37941 composite?
True
Is 208547 prime?
False
Is 162511 prime?
False
Is 262643 a composite number?
False
Is 11549 composite?
False
Is 282398 composite?
True
Is 130447 a composite number?
False
Is 115099 a composite number?
False
Is 1369 a composite number?
True
Is 661645 prime?
False
Is 67883 a composite number?
False
Is 5981 a prime number?
True
Is 128813 a composite number?
False
Is 170707 prime?
True
Is 29231 composite?
False
Is 40841 composite?
False
Is 72251 composite?
False
Is 75821 a prime number?
True
Is 715793 a composite number?
True
Is 1231943 a composite num